1301 and 47.
1
Calculate the highest common factor of 936798 and 1290.
258
Calculate the greatest common divisor of 50879 and 166.
83
What is the highest common divisor of 3026 and 1602?
178
Calculate the greatest common divisor of 5808 and 3564.
132
What is the highest common factor of 17925 and 10525?
25
Calculate the greatest common divisor of 1086 and 162.
6
Calculate the highest common divisor of 200619 and 21.
3
What is the highest common factor of 1956 and 516?
12
What is the highest common divisor of 364 and 12532?
52
What is the greatest common factor of 11371 and 5617?
137
Calculate the highest common divisor of 4313 and 15827.
19
Calculate the highest common factor of 777117 and 33.
33
What is the highest common factor of 3509 and 1044?
29
Calculate the highest common divisor of 160680 and 4992.
312
What is the highest common factor of 53 and 126193?
53
What is the highest common divisor of 93775 and 11?
11
What is the highest common factor of 646110 and 2835?
135
What is the greatest common factor of 329798 and 35?
7
What is the greatest common divisor of 140 and 42882?
14
Calculate the highest common divisor of 902 and 1271.
41
What is the highest common divisor of 127372 and 84?
28
What is the greatest common factor of 722 and 1677206?
722
Calculate the greatest common factor of 108 and 14400.
36
Calculate the highest common factor of 486 and 9720.
486
What is the greatest common factor of 723960 and 32?
8
What is the greatest common divisor of 42880 and 1675?
335
Calculate the highest common divisor of 47 and 60959.
47
Calculate the greatest common divisor of 2862 and 2214.
54
Calculate the highest common factor of 4784898 and 1108.
554
Calculate the highest common factor of 18986 and 22.
22
Calculate the greatest common factor of 1323 and 2421.
9
What is the highest common divisor of 2781 and 14523?
309
What is the highest common factor of 49625 and 875?
125
What is the highest common factor of 29094 and 312?
78
What is the greatest common factor of 14234 and 451?
11
What is the highest common factor of 564 and 12?
12
Calculate the greatest common divisor of 48 and 208632.
24
Calculate the greatest common divisor of 22800 and 10925.
475
What is the greatest common divisor of 1342194 and 42?
42
Calculate the highest common factor of 637 and 51753.
13
What is the highest common factor of 11099 and 704?
11
Calculate the greatest common factor of 32857 and 3509.
319
What is the highest common factor of 154 and 116006?
22
What is the highest common divisor of 8 and 342184?
8
Calculate the highest common divisor of 7662 and 6.
6
What is the highest common factor of 93925 and 5655?
65
What is the greatest common factor of 7 and 182777?
7
Calculate the greatest common factor of 29 and 355192.
29
Calculate the highest common factor of 11576 and 328.
8
Calculate the highest common divisor of 190 and 72485.
95
What is the highest common factor of 306 and 11898?
18
What is the greatest common factor of 5292 and 216?
108
What is the highest common factor of 19 and 3719953?
19
Calculate the greatest common factor of 73470 and 18012.
474
Calculate the highest common factor of 4020 and 1223286.
402
Calculate the greatest common factor of 66912 and 6256.
272
Calculate the highest common factor of 3068 and 364.
52
What is the greatest common divisor of 128 and 13016?
8
What is the greatest common factor of 71 and 5183?
71
Calculate the greatest common factor of 84420 and 240.
60
What is the highest common factor of 5858 and 25654?
202
Calculate the highest common factor of 42 and 36978.
6
What is the greatest common factor of 1593 and 270?
27
What is the highest common divisor of 71050 and 2?
2
What is the greatest common factor of 25465 and 220?
55
Calculate the greatest common factor of 28 and 92532.
4
Calculate the greatest common factor of 5764 and 416449.
1441
What is the greatest common factor of 14656149 and 393?
393
What is the highest common factor of 9 and 1403766?
9
What is the highest common factor of 224218 and 284?
142
What is the greatest common factor of 570 and 447735?
285
What is the greatest common factor of 73 and 130159?
73
Calculate the greatest common divisor of 444 and 43401.
111
Calculate the highest common divisor of 33 and 54241.
11
What is the greatest common divisor of 25 and 17530?
5
Calculate the highest common factor of 18 and 25425.
9
What is the highest common factor of 85554 and 98?
98
What is the highest common divisor of 25 and 2378275?
25
Calculate the highest common factor of 312 and 53196.
156
What is the greatest common factor of 126 and 1062?
18
What is the highest common divisor of 388 and 31428?
388
Calculate the highest common divisor of 4152 and 492.
12
What is the greatest common divisor of 7960 and 7761?
199
What is the highest common factor of 504916 and 16?
4
What is the highest common factor of 1664488 and 56?
56
Calculate the greatest common factor of 404 and 187052.
404
What is the greatest common factor of 2627 and 14981?
71
Calculate the highest common factor of 1590 and 558.
6
Calculate the greatest common divisor of 1329621 and 155.
31
What is the greatest common factor of 37660 and 2100?
140
What is the greatest common divisor of 289 and 1695852?
289
Calculate the highest common divisor of 485 and 774351.
97
Calculate the highest common factor of 14 and 223594.
14
Calculate the greatest common divisor of 28527 and 444.
111
Calculate the greatest common divisor of 199014 and 246.
246
What is the highest common factor of 5373 and 1111017?
597
Calculate the greatest common divisor of 45938 and 52628.
446
Calculate the greatest common divisor of 12958 and 62.
62
What is the highest common divisor of 51442 and 1190?
34
What is the greatest common factor of 855 and 228?
57
What is the highest common factor of 5907 and 184191?
537
Calculate the greatest common factor of 1064 and 829388.
532
Calculate the highest common divisor of 2345 and 223195.
35
What is the highest common divisor of 429 and 28479?
33
Calculate the greatest common divisor of 169632 and 5022.
558
What is the greatest common factor of 45 and 2595135?
15
Calculate the greatest common factor of 36 and 11172042.
18
What is the greatest common factor of 144 and 23208?
24
Calculate the greatest common divisor of 950 and 67070.
190
What is the highest common divisor of 6297965 and 5?
5
What is the greatest common divisor of 131 and 3013?
131
Calculate the highest common divisor of 644 and 985412.
92
What is the greatest common factor of 1410699 and 555?
111
What is the greatest common divisor of 810 and 671535?
45
What is the greatest common divisor of 3 and 5716551?
3
What is the greatest common divisor of 2586527 and 19?
19
What is the greatest common factor of 1746 and 2522?
194
What is the greatest common divisor of 88571 and 7?
7
What is the highest common divisor of 5395 and 39?
13
Calculate the highest common factor of 9495 and 345.
15
Calculate the greatest common divisor of 88344 and 216.
216
Calculate the greatest common factor of 110515 and 69.
23
What is the greatest common factor of 1680 and 13438320?
1680
What is the highest common factor of 681122 and 442?
442
What is the highest common divisor of 3959 and 3424?
107
Calculate the highest common factor of 277359 and 5664.
177
Calculate the greatest common divisor of 763515 and 3055.
235
Calculate the highest common factor of 7546 and 1421.
49
What is the greatest common divisor of 36 and 97404?
12
What is the highest common divisor of 2813 and 157334?
97
What is the highest common divisor of 1558 and 2952?
82
Calculate the highest common factor of 231 and 69399.
33
Calculate the greatest common divisor of 498868 and 4.
4
What is the highest common divisor of 5 and 2394160?
5
Calculate the greatest common factor of 57 and 119757.
57
Calculate the highest common divisor of 1779525 and 3465.
495
What is the highest common divisor of 436 and 4376132?
436
What is the highest common divisor of 4555 and 443657?
911
Calculate the greatest common factor of 97573 and 14.
7
Calculate the greatest common factor of 2472 and 552.
24
What is the highest common factor of 871697 and 241?
241
Calculate the highest common factor of 785 and 264074.
157
Calculate the greatest common fa